et m be 14/49 + (-12)/(-7). Suppose -5*s - m*i - 2*i = -6949, 1401 = s - 2*i. Is s composite?
True
Let l be ((4 + 0 + -4)/(-2))/(-1). Suppose 2*t - 14 = -2*d + 28, d - 5*t + 9 = l. Suppose -3856 = 8*w - d*w. Is w composite?
True
Let s be (-51)/(-6)*(308 + 0 + 2). Suppose 8*i = -9*i + s. Is i prime?
False
Let m(h) = 2114*h**2 + 41*h + 19. Is m(-4) a prime number?
True
Is (-499252)/(-208)*140/5 prime?
False
Let r(f) = 8*f**2 + 32*f + 49. Suppose -b = 210 - 196. Is r(b) composite?
True
Suppose -j = -4*j - 198576. Let y be (1 + 0)*-3 + j/(-21). Suppose -f - 1152 = -h, 0 = 3*h - 4*f - 308 - y. Is h a prime number?
True
Suppose -35*n - 9*n = 17*n - 22396943. Is n a prime number?
True
Let z(c) = -c**3 + 7*c**2 - c - 21. Let r be z(5). Suppose -3*t + 36 = r. Suppose -15548 = -4*w + t*k, -3*w - 3*k + 11641 = -k. Is w a prime number?
False
Let k = 598 + -582. Suppose -k*z - 185321 = -63*z. Is z composite?
False
Let r = 2549 + -9152. Let i = r - -10202. Is i prime?
False
Let h(w) = -13*w**3 + 23*w**2 + 44*w + 109. Is h(-17) a composite number?
False
Let v(s) = -5*s**2 - 6*s - 1. Let c be v(-6). Let l = c - -149. Let g(o) = 35*o**3 + o**2 - 6*o - 1. Is g(l) a prime number?
False
Suppose 57*i + 213*i = 39*i + 200739. Is i prime?
False
Suppose 400*h = 604*h - 118675572. Is h composite?
False
Suppose 4*m + 2*y = 86862, -38*m + 37*m - 4*y = -21733. Is m composite?
False
Let v(z) = 8*z**3 + 30*z**2 + 425*z + 80. Is v(41) a composite number?
False
Let m(c) = c**3 + 30*c**2 + 58*c + 62. Let t be m(-28). Let h(l) = 7*l**3 + 8*l**2 + 12*l - 73. Is h(t) a composite number?
True
Let g = 366609 + -236342. Is g prime?
True
Is (30 - (-48466671)/527) + 2/(-17) prime?
True
Let s = -5882 + 121425. Is s composite?
True
Let q = 150022 - 100925. Is q a composite number?
True
Let w = 65789 + -31446. Is w composite?
True
Let y(j) = 1544*j + 3569. Is y(36) composite?
True
Let c be (-4)/2 + 5 - 3. Suppose c = -0*t + 7*t. Suppose t = z - 25 + 4. Is z prime?
False
Let a(k) = 395*k**2 + 83*k + 551. Is a(-18) composite?
False
Let o = -230723 + 332074. Suppose 40*b + 25311 = o. Is b a composite number?
False
Suppose -3*q + 3 + 3 = 0. Suppose -5*b + 64 = -3*x - 76, 5*x - 25 = -2*b. Is (-5)/(b/(-1885)) + q composite?
False
Suppose -5*u - 8 = -3, 5*i - 3*u = -337. Is (16120 - 2)/(i/(-34)) composite?
False
Suppose 0*m = 4*m - 180. Suppose -14*u - m = -9*u. Let f(h) = 9*h**2 + 15*h + 19. Is f(u) composite?
False
Let h(u) = 4*u**2 - 10*u - 20. Let o be h(-25). Suppose 0 = -4*f + f + 5*p + 2690, o = 3*f + 3*p. Is f prime?
False
Let n(i) = -3*i - 37. Let y be n(-16). Suppose 2*q = 4*r - 26, -y*r - 5*q = -10*r - 12. Suppose r*z = -0*z + 9289. Is z a composite number?
False
Let z be (-1)/5*(-10)/4*4. Suppose 2*t + 1430 = 3*h - 4*h, -2*t - 1432 = z*h. Is (1*4)/2*t/(-12) composite?
True
Suppose 291*k - 102832070 = -33916577. Is k composite?
True
Let s be (3337*5/(-15))/((-1)/(-105)). Is s/(-20) - (-27)/(-36) a composite number?
False
Let x be (-31002)/(-10) + (-9)/45. Suppose -r = -4*q + 3*r - x, q + 781 = -r. Is (-12)/4*q/6 a composite number?
False
Let f(c) = 1159*c + 633361. Is f(0) a prime number?
False
Suppose 0 = 16*d - 25*d + 63. Suppose -6*q - a = -d*q + 1319, 0 = 2*q + 3*a - 2628. Suppose -z - q = -5150. Is z composite?
False
Let g = 85911 - 27928. Is g composite?
True
Let r(j) = -461*j**3 + 3*j**2 - 2*j - 3. Let c be r(-5). Suppose 12*f - c = -f. Is f prime?
False
Suppose 5*l = l + 12. Let x(q) = 46 + q - 529*q**l + 25*q**3 - 46. Is x(-1) composite?
False
Suppose 89*u = 71*u + 1893798. Is u prime?
True
Let f(b) = -901*b**3 + 16*b**2 + 71*b - 1. Is f(-4) a composite number?
True
Let d = -59900 + 86457. Is d a prime number?
True
Let v(q) = 13*q**3 - q**2 - 9*q - 2. Let u be v(5). Let r = u - -6776. Is r a composite number?
False
Let k be (-6)/(-5)*(-1 - 12/8). Let i(u) = u**2 + 4*u + 8. Let x be i(k). Is 331*2/x*5/2 composite?
False
Let j = -19185 - -49942. Is j prime?
True
Is 38/(-133) + 944607/21 a prime number?
False
Let g = -19 + 24. Suppose 3*l - 5 + 14 = -4*w, -15 = -5*w + g*l. Suppose 4*c - 7*c + 357 = w. Is c composite?
True
Let i = -81 + 98. Suppose -5560 = -i*o + 19*o. Let a = o - -7033. Is a prime?
True
Suppose -7*x = -10*x - 3. Let h be (10 - 3) + -2 + x. Suppose 0*w + 1339 = h*m + 3*w, -2*m = 4*w - 662. Is m a prime number?
True
Let z(s) = -4 - 3*s - 1426*s**2 - 7 - 2 + 1475*s**2. Let b(t) = -2*t**3 - 3*t**2 + 2. Let v be b(-2). Is z(v) a prime number?
True
Let h = -24 - -26. Suppose 8 = -h*a, -a = 2*d + 3*a - 630. Suppose -4*z - k + 645 = 0, 0*k = -2*z - k + d. Is z prime?
False
Suppose -f = -4*z - 46820, z = -0*z - 6*f - 11680. Let y = 22341 + z. Is y a prime number?
False
Let w(h) = 15*h - 10. Let q be w(-7). Let m = q + 893. Suppose n = -n + m. Is n a prime number?
True
Suppose -106*g + 2312957 + 423984 = -889425. Is g a composite number?
False
Let m(g) = -2*g**3 - g**2 + 2*g + 7. Let u be m(0). Suppose 0 = -3*d - d + 20, 0 = -3*r + 2*d - u. Suppose 16 = s + r. Is s a prime number?
False
Suppose -214*r - 36*r = -13687750. Is r prime?
True
Suppose 111*y - 57700580 = -12*y - 17*y. Is y a prime number?
True
Is ((-36)/54)/((-78)/(-9)) + (-17142244)/(-26) prime?
True
Let n(h) = -108*h + 22. Let f be n(-5). Let w = f - 291. Is w a composite number?
False
Suppose -110 = -8*c + 10. Let a(w) = 20*w**2 - 20*w + 11. Is a(c) composite?
False
Suppose 5071 = 8*r - 4297. Suppose 3*g + 4*z - r = 0, -3*g = 3*z - 401 - 775. Is g a composite number?
False
Let c(s) = -2*s + 9 - 3*s**3 + 0*s**2 + 15*s**2 + 5*s + s. Let i be c(-11). Suppose 4*g - i = 3*f, 2*g + 1959 = f + 4844. Is g prime?
False
Suppose s - 16 = -11, -4*m + 3*s = -205517. Is m composite?
False
Suppose -24*g + 6*g = 184752. Let o = g + 30935. Is o prime?
False
Let g(l) = -52*l + 64. Let w be g(-28). Let q = 4477 - w. Is q composite?
False
Let q = 125470 - -8883. Is q a prime number?
True
Let n(o) = 2*o**2 + 86*o - 235. Is n(-91) a prime number?
True
Let o(j) = -31*j + 39. Let g(d) = -3*d**2 - 3*d + 2. Suppose 7*q - 6 = 8. Let p be g(q). Is o(p) composite?
True
Let l(t) = 85*t + 10. Let i be l(-8). Let x be 1002 - 2*(-15)/6. Let w = x + i. Is w a composite number?
False
Suppose 3*h - 329287 = -3*t - h, 219524 = 2*t + 3*h. Suppose 4*v = 2*v - 5*n - t, 5*v = -n - 274401. Is 1/(-5) + v/(-25) prime?
False
Suppose x - 1485 = 2*j, 4*x + 0*j - 5976 = -j. Suppose 0 = -4*z - x - 10847. Let k = z + 6350. Is k prime?
False
Let b(u) = -2*u + 14. Let p be b(-5). Is 138968/p - 2/(-3) prime?
True
Suppose 3*i + 71984 = 5*n, 4*n - 40415 = 3*i + 17171. Suppose -2*w + n = -3844. Is w composite?
True
Suppose 0 = 5*m - f - 349239, 129*m - 124*m - 349247 = 3*f. Is m prime?
True
Let x(c) = -387*c**2 - 2*c. Suppose -26*z + 35 = -31*z. Let m(k) = 773*k**2 + 5*k - 1. Let w(o) = z*x(o) - 3*m(o). Is w(2) a composite number?
True
Suppose -55*b + 133*b - 1925369 = 61*b. Is b a prime number?
False
Let o(f) = f**3 - 25*f**2 + 24*f - 9. Let v be o(24). Is (489/v)/(3 + (-118)/39) a composite number?
True
Let p(c) = -4*c - c + 17 + 111*c**3 - 113*c**3 + 8 - 7*c**2. Let k(x) = -x**2 - 13*x + 6. Let z be k(-14). Is p(z) a composite number?
False
Suppose 4*o = 2 - 34. Let d(l) = -l**2 - 1. Let f(z) = -2*z**2 + 6*z + 29. Let b(m) = -6*d(m) - f(m). Is b(o) prime?
False
Let o = 152 - 149. Suppose 0 = d + 2*v - 405, -d + 72 = -o*v - 308. Is d a prime number?
False
Let d(p) = -p**3 + 3*p**2 + 4*p - 7. Suppose k + s = 8, -s + 20 = 5*k - 0. Let i be d(k). Suppose -844 = -i*v + 10821. Is v composite?
False
Let k = 1352 - -3153. Suppose 1087 = 4*q - k. Suppose -q = -5*v + 3*v. Is v composite?
True
Suppose 5*i + 148 = i. Let h(r) = -r**3 + 27*r**2 + 35*r + 46. Let a be h(28). Let v = i + a. Is v prime?
False
Suppose -288 = -7*k - 5*k. Is (51/k - 2) + (-198094)/(-16) composite?
True
Suppose 4*q - 21018 - 86966 = 0. Suppose 0 = 17*g - 435149 - q. Is g a prime number?
False
Suppose v - 5*z = -3*v + 47733, -5*z + 59700 = 5*v. Let m = v - 6586. Is m a composite number?
False
Suppose n - 4*n + 47 = -4*l, 0 = n - 2*l - 19. Suppose 8*p + p - n = 0. Is ((-2 + 1)/p)/((-14)/1148) composite?
True
Let c be ((-36)/(-15) - 4)/((-2)/(-5)). Is 5 + 4*((c - -4) + 38) a prime number?
True
Let m be (10/(-7))/(12/(-42)). Suppose -2*i + 19 = 2*r + 3*i, 0 = -4*r - m*i + 23. Suppose -5*d = 4*v 